4
Let m(h) = -1573*h - 1632. Determine m(-1).
-59
Let l(o) = 6*o**2 + 1448*o + 32304. What is l(-217)?
622
Let v(s) = -10*s - 1186. What is v(-83)?
-356
Let x(d) = -3434*d - 161364. Determine x(-47).
34
Let g(y) = y**3 - 14*y**2 + 57*y - 416. What is g(9)?
-308
Let k(x) = 31862*x + 2708230. Give k(-85).
-40
Let d(z) = 11280*z + 90571. Calculate d(-8).
331
Let l(p) = 4*p**2 + 2420*p + 4811. What is l(-2)?
-13
Let j(q) = -42*q**3 + 253*q**2 - 42*q + 14. Calculate j(5).
879
Let x(g) = 6080*g - 115514. Determine x(19).
6
Let h(v) = -2*v**3 - 312*v**2 - 8120*v - 277. Determine h(-123).
-31
Let m(r) = -2*r**3 - 25*r**2 + 72*r + 1666. Calculate m(-8).
514
Let t(a) = -1142*a - 45212. What is t(-40)?
468
Let g(v) = 441470*v - 1765881. Determine g(4).
-1
Let z(a) = 14*a**2 + 4072*a + 11553. What is z(-288)?
33
Let x(p) = -4*p**2 - 3006*p - 185911. Give x(-68).
1
Let x(v) = 8*v**2 + 1565*v + 3012. Determine x(-193).
-1041
Let r(n) = -595*n - 145185. Give r(-244).
-5
Let g(s) = 4544*s**2 + 18179*s + 25. What is g(-4)?
13
Let b(u) = 2680*u + 3395564. What is b(-1267)?
4
Let q(k) = -k**3 + 11*k**2 - 105*k + 384. Give q(6).
-66
Let o(x) = -470*x + 82695. What is o(176)?
-25
Let u(c) = -1414*c + 581160. Calculate u(411).
6
Let i(l) = -3656*l - 549. Determine i(0).
-549
Let f(c) = 2*c**3 - 872*c**2 + 22845*c + 1243. Calculate f(408).
19
Let b(h) = 4949*h + 168342. What is b(-34)?
76
Let c(q) = -q**3 - 22*q**2 + 5*q - 1730. Calculate c(-25).
20
Let m(v) = -213*v - 32038. Determine m(-163).
2681
Let g(k) = -3*k**2 - 423*k - 1143. Determine g(-138).
99
Let z(a) = a**3 + 38*a**2 + 2*a + 216. Determine z(-38).
140
Let c(o) = 3*o**2 - 3667*o + 117899. Determine c(33).
155
Let l(q) = 2*q**3 - 288*q**2 - 292*q + 82655. Calculate l(143).
1
Let w(b) = 4*b**2 - 123594*b + 1976476. Determine w(16).
-4
Let c(h) = -h**2 - 19*h + 11658. Calculate c(97).
406
Let x(s) = -141*s**2 + 685*s + 74. Give x(5).
-26
Let z(j) = j**3 + 12*j**2 - 171*j - 1146. Calculate z(-18).
-12
Let d(x) = 127*x**2 + 4177*x + 12. Give d(-33).
474
Let u(i) = 2*i**2 + 410*i - 7611. Determine u(-222).
-63
Let b(c) = 2*c**3 + 10*c**2 + 194*c + 1247. Give b(-6).
11
Let b(t) = -923*t - 12496. Give b(-14).
426
Let g(n) = -n**3 - 8*n**2 + 1182*n + 5992. Give g(-5).
7
Let h(a) = 13*a**2 + 110*a - 80. Calculate h(-10).
120
Let n(s) = 3992*s - 211586. Calculate n(53).
-10
Let c(l) = -551*l - 2884. Determine c(-5).
-129
Let v(l) = 287289*l + 3447456. Calculate v(-12).
-12
Let u(n) = -n**2 + 1031*n + 12332. Determine u(-12).
-184
Let n(f) = f**2 + 8225*f - 65876. Give n(8).
-12
Let x(r) = -1225*r - 319721. Calculate x(-261).
4
Let d(q) = q**3 + 270*q**2 + 584*q - 58067. Calculate d(-267).
-128
Let q(s) = 49*s**2 - 16457*s - 1179. Give q(336).
1173
Let p(i) = 177942*i - 18861852. What is p(106)?
0
Let f(t) = -10651*t + 170402. Determine f(16).
-14
Let f(t) = t**3 - 260*t**2 + 3700*t - 239280. Calculate f(249).
9
Let j(u) = 78*u - 1653. What is j(7)?
-1107
Let y(m) = 26975*m - 53930. Determine y(2).
20
Let m(r) = -3*r**2 + 978*r - 49067. Determine m(264).
37
Let n(f) = 2*f**3 + 354*f**2 - 303*f - 53629. Calculate n(-177).
2
Let x(r) = -r**2 + 375*r + 20602. Give x(-50).
-648
Let t(v) = -2445*v**3 - 4*v**2 - 2*v + 3. Give t(1).
-2448
Let z(f) = -f**2 - 278*f + 295. Calculate z(0).
295
Let i(o) = 4*o**2 - 21*o - 27. What is i(12)?
297
Let n(j) = 3*j**2 - 6847*j + 321733. What is n(48)?
-11
Let d(k) = -k**3 - 131*k**2 - 1336*k - 3318. What is d(-4)?
-6
Let t(h) = 4*h**2 + 1590*h + 17776. Calculate t(-11).
770
Let i(t) = 2*t**3 + 510*t**2 - 3655*t + 1. What is i(7)?
92
Let k(w) = -885*w + 154419. What is k(175)?
-456
Let c(t) = t**3 + 23*t**2 - 4*t + 109. Determine c(-23).
201
Let p(n) = n**2 - 1683*n + 49598. What is p(30)?
8
Let q(o) = -40*o**2 + 623*o - 324. Determine q(15).
21
Let j(t) = 8*t**3 - 4*t**2 + 220*t - 30. What is j(0)?
-30
Let w(t) = 4*t**3 + 3*t**2 - 31*t + 186. What is w(6)?
972
Let g(l) = -l**3 + 20*l**2 + 69*l - 65. Determine g(23).
-65
Let n(y) = 340*y**2 - 3816*y + 834. What is n(11)?
-2
Let p(k) = 58043*k + 8938617. Calculate p(-154).
-5
Let m(k) = 2*k**2 - 84*k - 828. Give m(51).
90
Let i(j) = 7590*j + 341561. Determine i(-45).
11
Let k(d) = -2*d**3 + 334*d**2 - 1821*d + 32576. What is k(162)?
14
Let t(b) = -42*b - 5270. What is t(-123)?
-104
Let f(j) = -26*j**2 + 11336*j - 89085. Give f(8).
-61
Let s(x) = -3*x**2 - 2271*x + 39467. Give s(17).
-7
Let k(f) = 4*f**2 + 18472*f + 441027. Calculate k(-24).
3
Let j(n) = n**3 - 94*n**2 - 501*n + 388. Determine j(99).
-206
Let o(z) = 133*z - 19958. Give o(161).
1455
Let i(l) = -l**3 - 100*l**2 + 21743*l + 2124192. Calculate i(-96).
0
Let g(o) = -222*o**2 - 14*o + 9. Give g(-1).
-199
Let i(w) = w**3 - 27*w**2 + 153*w + 595. Calculate i(15).
190
Let y(z) = 29*z**2 - 45*z - 2998. Give y(10).
-548
Let j(g) = g**3 + 8*g**2 + 98*g + 1654. Give j(-12).
-98
Let f(c) = -2*c**3 + 1347*c**2 - 740*c + 45153. Give f(673).
62
Let h(b) = -11*b**3 - 1046*b**2 - 113*b - 1127. Determine h(-95).
583
Let u(o) = -3*o**2 + 107774*o + 431144. Determine u(-4).
0
Let z(g) = 2*g**2 - 2162*g + 32790. Give z(15).
810
Let s(p) = -4885*p - 615507. Give s(-126).
3
Let w(c) = 107*c + 2750. Determine w(-44).
-1958
Let w(g) = g**3 + 4*g**2 - 97*g + 424. What is w(18)?
5806
Let s(y) = 41*y + 747. Determine s(-14).
173
Let u(r) = -4860*r + 9838. Give u(2).
118
Let i(u) = -12*u - 1479. What is i(-81)?
-507
Let y(r) = 43339*r + 736812. What is y(-17)?
49
Let i(n) = 6*n**2 - 406*n + 1655. Give i(57).
-1993
Let y(p) = 25*p**2 - 8376*p + 305. Calculate y(335).
-30
Let a(i) = 63*i**2 + 1512*i + 92. What is a(-24)?
92
Let i(d) = 833*d**2 - 16647*d - 156. Give i(20).
104
Let k(c) = 564494*c + 3386902. Determine k(-6).
-62
Let d(t) = -284*t - 22625. Determine d(-80).
95
Let w(i) = 2*i**3 + 187*i**2 + 113*i + 1887. Determine w(-93).
27
Let f(h) = h**3 - 22*h**2 - 20*h + 1615. Calculate f(20).
415
Let f(z) = -z**2 - 274*z + 56298. Determine f(137).
-9
Let o(n) = 2589*n**3 + 4*n**2 + 1007*n - 1010. What is o(1)?
2590
Let h(v) = -117*v**3 - 356*v**2 - 21*v - 35. Determine h(-3).
-17
Let q(y) = y**3 + 1365*y**2 - 27708*y - 11090. Determine q(-1385).
-10
Let b(p) = p**2 - 1206*p - 119416. Determine b(-92).
0
Let d(j) = -j**2 + 119*j + 7637. Determine d(-44).
465
Let w(l) = 1016*l + 322364. Calculate w(-317).
292
Let x(j) = 3*j**2 + 263*j - 1385. Calculate x(5).
5
Let s(r) = -62890*r - 251543. Calculate s(-4).
17
Let h(u) = 54559*u + 3491786. Give h(-64).
10
Let o(q) = q**3 - 179*q**2 + 5562*q - 115. Determine o(139).
163
Let l(k) = 65*k**3 + 829*k**2 + 573*k - 170. Give l(-12).
10
Let p(y) = 111*y**2 + 1024*y + 977. What is p(-8)?
-111
Let r(k) = 2*k**3 - 326*k**2 - 671*k + 1820. Calculate r(165).
5
Let m(r) = 31*r**2 + 75*r + 798. What is m(-8)?
2182
Let o(j) = -j**3 - 116*j**2 + 123*j + 601. Determine o(-117).
-101
Let u(j) = 66*j**2 - 124*j - 180. What is u(-2)?
332
Let g(l) = 4799*l - 1488197. Give g(310).
-507
Let f(m) = m**2 - 563*m + 46622. Give f(98).
1052
Let u(m) = -1114*m**3 + 2*m**2 - 63*m + 61. Calculate u(1).
-1114
Let n(u) = 2*u**3 - 671*u**2 + 5556*u + 997. Calculate n(327).
16
Let i(o) = 11828*o + 11780. Give i(-1).
-48
Let a(d) = -1159357*d - 9274853. Determine a(-8).
3
Let y(h) = 150883*h + 452658. What is y(-3)?
9
Let p(y) = y**3 - 7*y**2 - 424*y + 507. Calculate p(-18).
39
Let d(l) = -l**3 + 3*l**2 + 739*l - 2926. What is d(4)?
14
Let f(k) = k**3 + 8*k**2 - 1496*k + 4724. What is f(33)?
5
Let o(q) = -25*q**2 + 1676*q - 10502. Determine o(6).
-1346
Let p(z) = 859*z - 220845. Give p(257).
-82
Let p(m) = -90*m**3 - 59*m + 110. Determine p(2).
-728
Let w(l) = -905*l - 105884. Determine w(-117).
1
Let m(k) = -4*k**2 + 379*k + 693. Determine m(97).
-180
Let v(i) = 333*i - 4768. Determine v(11).
-1105
Let g(i) = 4*i**2 + 2553*i - 28537. What is g(-649)?
-630
Let b(o) = 4*o**2 + 640*o + 3091. What is b(-155)?
-9
Let m(x) = -x**3 + 3*x**2 - 1304*x + 1. What is m(0)?
1
Let c(i) = 12*i**3 - 1165*i**2 + 76*i + 2045. What is c(97)?
8
Let m(c) = 1239*c - 59609. Give m(48).
-137
Let d(m) = -m**2 - 794*m + 322638. Calculate d(296).
-2
Let j(t) = -22*t**2 + 441*t - 2336. What is j(7)?
-327
Let v(n) = -n**3 - 770*n**2 - 415*n + 272205. Give v(-769).
-21
Let y(n) = -n**3 + 23*n**2 - 211*n + 429. G